-42*m(u) + 8*q(u). Give v(5).
2
Let z(w) = 283*w - 139*w - 149*w - 2 + 2*w**2. Determine z(-5).
73
Let q(b) = -100*b**3 - 2*b + 2 - 7 + 2 - 3 + 7. What is q(1)?
-101
Let d = -143 + 292. Let q = d + -148. Let t(z) = -9*z**3 - 2*z + 2. Give t(q).
-9
Let k be (-1)/((-21)/(-7)) - 26/(-6). Suppose 7*j - 9*j + k = 0. Let p(r) = 10*r**2 + r**2 - 10*r**j + 1 - r**3 + r + 3*r. Calculate p(3).
-5
Let v = -422 + 418. Let m(i) be the first derivative of i**3/6 - i**2/2 - 3*i - 5. Let u(j) be the first derivative of m(j). Calculate u(v).
-5
Let y(w) = -7*w + 18 - 6*w - 63 + 12*w + 21. What is y(12)?
-36
Suppose 3*d + 16 = 2*v, 0 = 2*v - v + 4*d + 14. Suppose 3*r + 9 = 0, v*b + b + 4*r - 66 = 0. Let j(y) = -3*y**2 + 29*y**3 - 1 + 4*y**2 - b*y**3. Give j(1).
3
Let m(x) = x**2 - 8*x + 19. Let d be 66/12 - (21/2)/7. Give m(d).
3
Let j(o) = o - 4. Suppose 2*t - 8 = -2. Let c be j(t). Let f(l) be the second derivative of -5*l**3/6 + l**2/2 + 20*l + 2. Calculate f(c).
6
Suppose 2*m - 4*s + 18 = 0, -4*m = -6*s + 5*s + 8. Let r(u) = 29*u**2 + 2*u + 2. Determine r(m).
29
Let q(o) = 17*o**3 + 53*o**2 + 69*o - 34. Let s(m) = 3*m**3 + 11*m**2 + 14*m - 6. Let u(t) = -4*q(t) + 22*s(t). Determine u(16).
4
Let g = -62 + 64. Suppose g*q + 20 = 12*q. Let u(r) = -2*r**q + 7*r**2 - r**3 + 7 - 9*r + 7*r**2 - 4*r**2. Calculate u(7).
-7
Suppose 0 = -125*d + 1229 - 354. Let o(x) = x**2 + 4*x - 61. Determine o(d).
16
Let m(c) be the second derivative of -c**5/20 + c**4 + 13*c**3/3 + 9*c**2 + 111*c + 5. Give m(14).
-10
Let g(s) = -2*s**2 - s + 9. Let x(b) = 17*b**2 - 5*b - 76. Let v(z) = 9*g(z) + x(z). What is v(-11)?
38
Let t(q) = q**3 - 4*q**2 + q + 1. Suppose 0 = -7*f + 4*f + 27. Suppose 9 = -f*p + 63. Suppose -p*x + 14 = x. What is t(x)?
-5
Let y(n) = -n**2 - 6*n - 2. Let c be y(-2). Suppose -v = -c + 1. Suppose -l - v*m = -2*l + 17, 12 = -3*m. Let z(k) = k**2 + k - 4. What is z(l)?
2
Let a(g) = -2*g - 6. Let d = -88 - -85. Let j be a(d). Let u(t) = -t**2 + 6. What is u(j)?
6
Let d(t) = -t**2 - 18*t + 28. Let f be 42/15 - 18582/815. Give d(f).
-12
Let k(s) be the second derivative of -1/6*s**3 - 1/2*s**2 + 0 + 48*s + 1/4*s**4. Calculate k(-1).
3
Let p(x) be the first derivative of -1/2*x**2 + 8*x - 96. Calculate p(7).
1
Suppose 0 = 2*h + 3*g - 12 - 3, 4*h + 3*g = 39. Suppose -p + 2*p - 9 = -2*k, 0 = -4*k + h. Let y(x) = x**3 + x**2 - 3*x - 4. Determine y(p).
23
Let p be (-42)/4*8/12*-2. Let u(k) be the second derivative of k**2 + 0 + p*k + 1/3*k**3. What is u(-3)?
-4
Let p(r) = 15*r**2 - 1. Let z be (-42)/(-16) + (-575)/920. Determine p(z).
59
Let p(n) = -n**3 + 3*n**2 + 3*n + 12. Suppose 462 = -7*g - 454 + 958. Give p(g).
-78
Let j(w) be the third derivative of w**6/120 - w**5/10 - 7*w**4/6 - w**3/2 - 2*w**2 - 24. Determine j(9).
-12
Let s(g) = g + 12. Suppose -5*d + r - 6 = 0, -d - 2*r = -3 + 13. Suppose 95*j - 74*j + 63 = 0. Let a be -4 + (j - (1 + d)). Determine s(a).
6
Let q be ((-6)/27)/(11/(-99)). Suppose 23 - 11 = q*c. Let o(r) = -r**2 + 4*r + 11. Determine o(c).
-1
Let c(k) be the second derivative of -k**3/6 - 5*k**2 - k - 1616. Give c(-7).
-3
Let n(a) = 20*a**2 + 321*a + 15. Let q(l) = 11*l**2 + 175*l + 8. Let v(f) = -6*n(f) + 11*q(f). Determine v(-1).
0
Let g(q) = -q**3 + 5*q**2 + 4*q - 5. Let l = 599 + -1227. Let b = l + 633. Calculate g(b).
15
Let s(o) be the second derivative of -2*o**2 - 1/12*o**4 - 1/20*o**5 - 8*o + 3 + 1/2*o**3. Determine s(-3).
5
Let l(g) = g - 1. Let d(j) be the first derivative of -j**3/3 + j**2/2 - j + 127. Let i(r) = 2*d(r) - 3*l(r). What is i(-2)?
-5
Let z = 173 - 182. Let n(i) = i**2 + 5*i - 42. Let c be n(z). Let t(k) = k**3 + 5*k**2 - 3*k + 6. Give t(c).
-12
Let n(w) = w**3 - 18*w**2 + 19*w - 7. Suppose 306 = -23338*o + 23356*o. What is n(o)?
27
Let v(n) = -n**2. Let w be v(-1). Let b(h) be the third derivative of -h**5/30 - h**4/8 - h**3/3 - 718*h**2. What is b(w)?
-1
Let r(h) = 11*h**2 - 231*h - 14. Let o be r(21). Let d(z) = -z - 12. Calculate d(o).
2
Let m be (223 + -220)/((-7)/2 - -2). Let o(c) = -24*c - 48. Calculate o(m).
0
Let d(t) = t**3 - 9*t**2 + 2*t - 12. Let i(f) = 2*f**2 - 62*f - 48. Let z be i(30). Let x be (5/20)/((-3)/z). Determine d(x).
6
Let z(t) = -2*t**2 + 2*t + 2. Let p(a) = -a**3 + 11*a**2 - 16*a - 16. Let f = 49 + -40. Let y be p(f). Suppose y*q = 5*u, q + 6 = 5*u + 1. Give z(u).
-2
Let h(g) = -2*g + 30. Let x be h(14). Let c(a) = -7 + 4 + 2 + 6*a. Determine c(x).
11
Let i(p) = 3*p**2 - 5*p - 6. Let g(a) = -24*a - 698. Let q be g(-29). Give i(q).
16
Let n = 250 + -356. Let v = n - -105. Let l be (0 + v)/((-23)/(-46)). Let k(u) = -2*u**2 + 2. Give k(l).
-6
Suppose -2*z = -4*g - z + 88, -g = 2*z - 31. Suppose -11*w - 1 = -g. Let f(b) = -b**3 + b. Calculate f(w).
-6
Let x(g) = -2*g**3 + 27*g**2 - 50*g + 173. Let a be x(12). Let p(y) = -y**2 - 7*y + 63. Give p(a).
3
Suppose 3*h = -2*h - 2*h. Suppose 0 = -3*j - h*a - 3*a - 6, 0 = 2*j - 2*a + 16. Let r(n) be the third derivative of n**4/24 - 7*n**3/6 - 2*n**2. Determine r(j).
-12
Let i(k) be the second derivative of k**3/2 - k**2 - 10*k - 7. Give i(11).
31
Let w(i) be the first derivative of -i**3/3 + 3*i**2/2 - 4*i + 153. Let g be (-32)/(-80) - 13/(-5). Give w(g).
-4
Suppose -5*b = 3*w - 5 + 2, 0 = -4*w - 2*b - 10. Let x(k) = k**2 - 4*k - 35. Calculate x(w).
-3
Suppose p = 4*r - 45, 3*p - 5*r = -38 - 41. Let l(b) = b**3 + 14*b**2 + 6*b - 17. Give l(p).
74
Let v(j) = -53*j**2 + 6*j**2 + 36*j + 46*j**2 - 61. Give v(34).
7
Let d(a) = 5*a + 7. Suppose 2*h = v, 41*v - 45*v = 5*h + 13. Determine d(v).
-3
Let d = -119143/4 - -29786. Let u(y) be the first derivative of d*y**4 - 2*y**2 + 17 - 2*y - 4/3*y**3. Give u(5).
3
Let k = 392 - 579. Let j = -185 - k. Let g(b) be the first derivative of 5*b**2/2 + 2*b - 20. Give g(j).
12
Suppose 7*s = -16*s - 3238 + 3284. Let m(g) be the first derivative of -7/2*g**s - 1/3*g**3 + 2*g - 7. Calculate m(-8).
-6
Let p = 395 - 386. Suppose 2*t - 7*o = -2*o + p, 4*t - 13 = 5*o. Let m(i) = i**2 - 2*i - 1. Give m(t).
-1
Let w(u) = u**3 - 3*u**2 - 12*u + 8. Let q(h) = -12*h**2 - 104*h - 59. Let l be q(-8). Give w(l).
-2
Let t(f) be the second derivative of f**3/3 + 3*f**2 + 65*f - 9. Suppose 5*k - 12 = -52. What is t(k)?
-10
Let b(n) = -n**3 + 16*n**2 + 40*n - 68. Let w(p) = -23*p - 1546. Let r be w(-68). Determine b(r).
4
Let o(v) = -v - 48. Let s(j) = -22*j + 54. Let z(u) = o(u) + s(u). Give z(-2).
52
Let m = 23915/2 + -11956. Let l(a) be the second derivative of 1/2*a**3 - 9*a + 0 + 1/20*a**5 - 5/12*a**4 - m*a**2. Determine l(3).
-12
Let i(n) = 2*n**2 + 4*n. Let j(d) = -618*d - 618. Let o be j(-1). Determine i(o).
0
Let t(n) = -2*n**3 - 14*n**2 - 9*n + 23. Let x(b) = 3*b**3 + 20*b**2 + 13*b - 32. Let h(o) = 7*t(o) + 5*x(o). Give h(-2).
-3
Let o = 88 + -88. Let r(y) = o - y - 12*y + 5 + y**2 + 13. What is r(12)?
6
Let d = 189 - 186. Let a(w) = -2*w**3 + 2*w**2 + 5*w - 6. Determine a(d).
-27
Let w(a) be the first derivative of -a**4/4 + 5*a**3/3 + 5*a**2 - 6*a + 5. Suppose 2*z = -2*m + 10, 2*z - 94 + 86 = -3*m. Give w(z).
-34
Suppose -3*f + 0 = -2*x + 7, 5*x - 10 = 5*f. Let l(k) = 171*k**2 + k**3 + 4*k - 333*k**2 - k + 165*k**2 + 3. Determine l(f).
-6
Let a(x) be the third derivative of x**7/5040 + x**6/240 + 13*x**5/12 + 103*x**2. Let r(n) be the third derivative of a(n). Calculate r(-3).
0
Suppose 2*k - 15*o - 36 = -14*o, -k + o + 19 = 0. Let i(b) = 2*b**3 - 35*b**2 + 17*b - 18. Determine i(k).
-18
Let h be (12/20 - 2/(-5))*0. Suppose 0 = 2*v - n - 2, v - 5*v + 3*n + 2 = h. Let r(a) = -3*a - 1. Give r(v).
-7
Let u(r) = -4*r - 3. Let k = 10 + 0. Suppose -s = -6*y + 2*y + 5, -4*s + y + k = 0. What is u(s)?
-15
Let n(z) = 16*z**3 - 4*z**2 - 16*z + 5. Let j(q) = 19*q**3 - 3*q**2 - 18*q + 6. Let m(w) = 6*j(w) - 7*n(w). What is m(-5)?
-19
Let j(n) = -5 - 6 + n**2 + 2*n**2 + 10. Let q be j(-1). Let k(x) = 11*x**2 - 2*x**2 + q*x**2 + 3 - 4. Determine k(-1).
10
Suppose 48*c = 28*c - 100. Let x(f) = -f**2 - 4*f + 3. What is x(c)?
-2
Let i(w) be the third derivative of w**6/120 + w**5/4 + w**4/24 + 4*w**3/3 - 16*w**2. Let o(v) = -14*v**3 - 2*v**2 + 3*v - 2. Let s be o(1). Determine i(s).
-7
Let k(s) = -s**3 + 6*s**2 + 14*s - 5. Let t(u) = 68*u - 5024. Let j be t(74). What is k(j)?
-21
Let p = -26 + 28. Let b(w) = -2*w - 10*w + 3*w + w**p + 2*w. Cal